s = -12. Let a(p) = 7 + 43*p + 49*p + o - 94*p. Calculate a(-7).
22
Suppose -5*y = 2*y - 1666. Suppose -y = 6*j + 14. Let b = -42 - j. Let q(g) = -g**3 + g**2 - 3. Determine q(b).
-3
Let s(u) be the third derivative of -u**6/360 + u**5/20 - 145*u**4/24 + 125*u**2. Let h(k) be the second derivative of s(k). Give h(8).
-10
Suppose -7*t + 9*t = 2*r + 16, -4*t + 22 = r. Let h = -83 + 83. Let f(d) = -d**3 - 60*d + h*d**2 + 7*d**2 + 56*d + 7. Give f(t).
19
Let q(z) = z - 13. Let r = -66 - -71. Let c(f) = -f + 12. Let b(t) = r*c(t) + 4*q(t). What is b(11)?
-3
Let g(y) be the second derivative of 5/6*y**3 - 1 + 3/2*y**2 + 29*y + 1/12*y**4. What is g(-7)?
17
Let j(k) be the second derivative of -k**7/840 - k**6/360 + k**5/120 + 4*k**4/3 + 10*k**3 - k**2 + k - 1. Let w(l) be the second derivative of j(l). Give w(0).
32
Let q(z) = -7*z**3 - 7*z**2 - 3*z - 5. Let p be q(-2). Suppose 3*y = -5*b - 11, -3*y + 2*b = p - 4. Let m(v) = v + 15. Give m(y).
8
Let c(b) = -18660 + 16*b - 18665 + b**3 + 37330 + 14*b**2. Let f be -11 + (-10)/(3 - -2). Give c(f).
-34
Let q = 48 - -11. Suppose q + 1 = 5*t. Let b be t/4 - 2/(-3)*-21. Let l(o) = o**3 + 10*o**2 - 12*o - 10. Calculate l(b).
1
Suppose -3*x - 2028 = 3*l, 1353 = -2*x + 2*l - 5*l. Let r be 4/6 + x/(-81). Let s(y) = -6 - 6*y**2 - 2*y**2 - r*y**2 - 2*y + 18*y**2. Calculate s(5).
9
Let i(x) = x**3 + x**2 + 3*x + 3. Let h = 783 + -1342. Let t = h + 557. Determine i(t).
-7
Let r(v) = 25 + 11*v + 16*v - 27 + 268. Let s be r(-10). Let g(d) = d**2 - d + 3. Give g(s).
23
Let u be ((-384)/(-3168))/((-6)/(-9)) - 172/(-22). Let x(v) = 17*v - 47. Give x(u).
89
Let s(i) = 2*i**2 + 11*i - 11. Let y = -1790 - -1783. Calculate s(y).
10
Suppose -3*s + 26 = 4*o - 10, 0 = 5*s + o - 43. Let b(r) = -48*r**2 + s*r - 29*r**2 + 8 + 76*r**2. Determine b(10).
-12
Let j(h) = -1 + 2160*h - 2159*h - 16. Let y be j(21). Let s(z) = -z**3 + 12*z + 2*z + 1 - y*z - 6*z + 4*z**2. What is s(3)?
22
Let s be ((-5)/(-4))/(7/168). Let o(m) = -34 - m - 8*m + m**2 + s. Let g = 102 + -92. What is o(g)?
6
Suppose 0 = -3*g + 3 - 15, 0 = 2*y - 3*g + 2. Let r(a) be the first derivative of a**2/2 + 2*a - 92. Calculate r(y).
-5
Let z be (-6)/(-2 + -2 + 3). Suppose 94*p - 83*p + 33 = 0. Let c be (49/(-14))/(p/z). Let x(j) = -j**3 + 8*j**2 - 6*j - 7. Determine x(c).
0
Let a(k) be the third derivative of -k**6/120 + k**5/12 + k**4/8 - k**3 - k**2. Suppose 0 = 30*m - 81 - 95 + 56. What is a(m)?
22
Let z(w) be the first derivative of w**4/4 - 11*w**3/3 - 11*w**2 - 53*w + 1293. What is z(13)?
-1
Let m(i) = -3*i**2 - 7*i + 17. Suppose 4*f = 2*v - 20, 0*v - 15*f - 6 = 4*v. What is m(v)?
-133
Let w(f) be the third derivative of f**4/24 + 5*f**3/2 - 13*f**2. Let j be 1/8 - (-6)/(-48). Determine w(j).
15
Let a be (7/21)/(34/(-18) - -2). Let s(m) = m**3 + 12*m**2 + 2*m - 2. Let q(p) = -2*p**3 - 14*p**2 - 3*p + 2. Let h(y) = a*s(y) + 2*q(y). Give h(8).
-2
Let q = -1 + 7. Suppose 771 + 869 = 40*y. Let n(s) = y - 2*s**2 - 53 + 7*s + 14. Determine n(q).
-28
Let u(y) = y**2 - 7*y - 1. Let h(l) = -3*l**2 + 15*l + 1. Let z(t) = -2*h(t) - 5*u(t). Let p(q) = q + 9. Let g be p(0). Suppose -12*n = -g*n + 18. What is z(n)?
9
Let o(p) = -p**2 + 11*p - 5. Let n(k) = 12*k - 5. Let i(q) = -19*q + 8. Let d(f) = -5*i(f) - 8*n(f). Let l(y) = -6*d(y) - o(y). Give l(5).
5
Let d be (1007/1729 - (-1)/(26/(-4))) + (-224)/(-392). Let k(y) = -2*y - 1. Let c be k(-1). Let m(p) = -2*p + 0 - 4*p**3 + c + 0. Determine m(d).
-5
Let c(f) = 12*f - 2. Let h be (2 + 15/(-12))/((-22)/(-88)). Suppose h*b - 2*g = -10, -4*g + 9*g - 4 = -3*b. Calculate c(b).
-26
Let u(d) = 56*d**2 - 10 + 11*d - 7*d**2 - 51*d**2 - d. What is u(5)?
-10
Let x(s) = s**3 + 15*s**2 + 28*s + 26. Suppose 19 - 25 = 2*z + 5*d, -3*d = -3*z - 51. Determine x(z).
0
Let u(l) = -l**3 - 3*l**2 - l + 1. Let r be u(-2). Let p = 830 + -187. Let b(f) = -f - p + 0*f - 7*f**2 + 642. Give b(r).
-7
Let p(r) be the second derivative of r**5/20 + r**4/4 - 35*r**3/3 - 2*r**2 + r - 67. Calculate p(7).
-4
Let f(l) = -18 + 4*l + 0 + 7 + 1 - 2*l. Calculate f(7).
4
Let t(q) = -17*q + 6. Let y(u) = -46*u + 17. Let s(x) = -11*t(x) + 4*y(x). Calculate s(-3).
-7
Suppose -3*v = -7*v - 12. Let b(u) = -379*u + 8 + 382*u + 0 + 17 - 10. Determine b(v).
6
Let x(j) = -251 + 21*j - 418 + 703 - j**2. What is x(18)?
88
Let w(h) be the first derivative of h**2 + h - 1. Suppose -4 = -5*p + 3*p. Suppose -5 = -d, 5*v - p*d + 25 = -0*v. What is w(v)?
-5
Suppose -5*m = 2*w + 3 - 8, -2*w + 4*m - 40 = 0. Let c(n) = 59 - n**2 - 10*n - 21 - 32. Give c(w).
6
Let b be (5 + 114/(-22))/(35/770). Let x(v) be the second derivative of 2*v + 2/3*v**3 + 0*v**2 + 1/12*v**4 + 0. Give x(b).
0
Let s = 101 + -95. Let c(y) = -55*y**2 - 8 + s*y + 56*y**2 + 4. Give c(-7).
3
Let f(a) = -a**3 + 3*a**2 + 8*a - 14. Let s be f(4). Let p(j) = -3 - 5 + 10*j**s + 11*j - 9 - j**3 + 8. Calculate p(11).
-9
Let p(a) = -a**2 - 8*a - 8. Let u = -87 + 120. Suppose -4*f - 3*l = u, f - l = 4*f + 21. Calculate p(f).
4
Suppose -4*g + 14*g = 2970. Let q be ((-4)/(-6))/(33/g). Let k(c) = -4*c + 9. Let z(a) = a - 1. Let v(x) = q*z(x) + k(x). What is v(-3)?
-3
Let r(a) = -2*a**2 - 6*a + 44. Let c(b) = 5*b**2 + 16*b - 137. Let f(w) = 3*c(w) + 8*r(w). Give f(0).
-59
Let z(m) = 2*m**2 - 4*m + 2. Let d = 193 + -187. Let b(w) = -2*w**2 + 4*w - 3. Let l(x) = d*z(x) + 5*b(x). What is l(4)?
13
Let v = -280 - -284. Let n(d) = -4*d + 3. Let x(z) = -1. Let w(q) = v*x(q) + n(q). Calculate w(1).
-5
Let l(c) = 4*c + 28. Let i(a) = 36*a + 11*a - 25 + 1316*a**2 - 1329*a**2 - a**3. Let z be i(-16). Determine l(z).
-8
Let b(c) = 4*c**2 + c - 3. Let a(q) = 21*q**2 + 23*q + 47. Let m(n) = -a(n) + 5*b(n). What is m(-6)?
10
Suppose -k + 39 = 8*p + 4, 3*k + 51 = 2*p. Let f(t) = -2*t - 30. Give f(k).
-4
Let g(h) be the second derivative of -h**3/2 + h**2 - 12*h + 21. Determine g(1).
-1
Let q(h) = -h + 105. Let b be q(40). Let j(c) = -19 - 26 + b - 24 - 4*c. Suppose z + 18 = -2*z. Give j(z).
20
Let a(x) = -6673 - 14*x + 6677 + 16*x. Determine a(-18).
-32
Suppose 5*t - 18 = p, -3*t + 24 = -4*p - p. Let i(d) = -48 + 2*d - 49 - 5*d**2 - d**3 + 95. What is i(p)?
-26
Let a(x) = 65*x + 153. Let s be a(-3). Suppose j - 46 = -h, 3 = -h + j + 49. Let r = h + s. Let k(m) = -2*m + 4. Determine k(r).
-4
Let j(k) = 2*k - 6. Let c be 6/(96/1868) - (-3)/12. Let a = 122 - c. What is j(a)?
4
Let w(h) = -h**3 + h**2 + 4*h + 5. Let q be w(-2). Suppose -q*t = t - 80. Let n(l) = 14 - 10 - t - l. Give n(-7).
3
Let t(m) = -m**2 + 8*m + 1. Let h(k) = -4*k**2 + 58*k + 51. Let j(d) = -h(d) + 5*t(d). Give j(-15).
-1
Let d = 107 - 105. Let h(o) = 12*o + 18*o**2 - 8*o**d - o**2 - 14 - o**3. Determine h(10).
6
Let i = 5501 - 5485. Let f(a) = -a**3 + 18*a**2 - 35*a + 47. Determine f(i).
-1
Let o(k) = -k**2 - 8*k + 13. Suppose 0 = 3*b - 3 + 12. Let f(p) = -2*p**2 - 15*p + 24. Let w(j) = b*f(j) + 5*o(j). What is w(-6)?
-1
Let m = 25831 - 25850. Let g(b) = -2*b**2 - 40*b - 18. Determine g(m).
20
Let b(p) be the first derivative of -p**6/120 - p**5/60 + p**3/6 - 6*p**2 + 62. Let l(s) be the second derivative of b(s). Calculate l(-2).
5
Let n(s) = -194*s**2 - 55*s + 147. Let u(w) = -259*w**2 - 56*w + 147. Let a(p) = 4*n(p) - 3*u(p). Determine a(49).
0
Let n(b) = -11*b - 2. Let m be (-16)/24 - (-2)/(-6). What is n(m)?
9
Let b(v) = -v**3 - 5*v**2 - 7*v - 6. Let q(p) = -p**3 - 5*p**2 - 2*p - 52. Let d be q(-6). Calculate b(d).
6
Let s(r) be the third derivative of 0 + 1/3*r**3 + 7*r**2 + 0*r - 1/24*r**4. Let w(m) = m**2 + 10*m - 29. Let p be w(-12). Calculate s(p).
7
Let i(m) = -4*m - 30. Let u be i(-21). Let d(w) = 53*w**2 + 11 - 8*w - 14 - u*w**2. Determine d(-3).
12
Let t(x) = 6*x + 1. Let j be (-42)/(-14) - ((-1)/(-1) - 1). Let d be -1*(j/3 + -71). Let b = -73 + d. Determine t(b).
-17
Let q(t) = -5*t - 155. Let w(n) = n**3 + 3*n**2 + 93*n + 483. Let v be w(-5). Calculate q(v).
5
Let u be 6*((-80)/(-12) + -5 - 5). Let t be 5/((-25)/u) + -3. Let r(s) be the third derivative of -s**5/10 + s**4/12 - s**3/6 + 2*s**2. Determine r(t).
-5
Suppose 23 = 2*n + 5. Let p be (-2)/(-2)*(n + 1 - 0). Let m(l) = -l**2 + 9*l + 11. What is m(p)?
1
Suppose -1174 = -b - 4*b - 2*s, -8 = -4*s. Let d(z) = 7*z + b - 8*z - 234. Determine d(3).
-3
Let s(p) = 28*p**3 + 16*p**2 - 154*p + 164. Let w(u) = -